 = 0 + 4. Suppose d*m + 64 = 8*m. Let z = -1206 + 1210. What is the greatest common factor of z and m?
4
Let g(j) = 2846*j**2 - 7*j. Let s be g(1). What is the greatest common divisor of 17 and s?
17
Suppose 2*i + 4*h + 341 - 377 = 0, 0 = 4*h - 28. Let v(r) = -r**3 + 4*r**2 + 2*r + 3. Let t be v(3). Calculate the highest common factor of i and t.
2
Let p be 10040/440 + 4/66*3. Suppose -3*y = -t - 37, -2*y - 3*t = -3*y + p. What is the greatest common factor of 1 and y?
1
Let j be 22*3/((-18)/75). Let i = j + 291. What is the highest common divisor of i and 2?
2
Let d = 1809 - 1783. Calculate the greatest common factor of d and 6591.
13
Let f be 112/52 + (-92)/598. What is the greatest common factor of 2424 and f?
2
Let p(x) = 69*x + 4433. Let j be p(-64). Calculate the highest common divisor of 4981 and j.
17
Suppose -44*b - 129610 = -170*b + 444572. What is the highest common factor of 588 and b?
147
Suppose 265*z = 3*o + 270*z - 33, -z - 6 = 0. Calculate the highest common factor of 5376 and o.
21
Suppose 0 = -151*h + 146*h + 45. Let i(s) = s**3 - 16*s**2 + 68*s - 1. Let o be i(h). Calculate the greatest common factor of o and 55.
11
Let w = 735 - 433. Calculate the highest common factor of 8 and w.
2
Let i be 98*-1*2/(-4). Let c = -61232 + 61281. What is the highest common divisor of c and i?
49
Let m(f) = -176*f - 11962. Let p be m(-69). What is the highest common divisor of p and 574?
14
Suppose -40*b + 36*b = -256. Let p = -6 - -18. Let r = 16 - p. Calculate the highest common factor of b and r.
4
Let k = 10837 - 10768. Calculate the highest common divisor of 23391 and k.
69
Let f = 139 - -18. Let t = f - 121. Let z(w) = 2*w**2 - 3*w. Let n be z(-3). What is the highest common divisor of t and n?
9
Let c(p) = -5*p**3 - 24*p**2 - 33*p - 48. Let z be c(-10). What is the greatest common divisor of 154 and z?
22
Suppose u + 186 = -2*u + 1770. Calculate the highest common divisor of 240 and u.
48
Let r be (-82 - -74)*(-2 + -702). Calculate the greatest common factor of 44 and r.
44
Suppose 27*t = -t - 280. Suppose 3*r = 5*i + 116, 4*r + 84 = -3*i + r. Let v be (i/10)/(t/24). What is the greatest common divisor of 4 and v?
2
Suppose 11*q - 44 = -0*q. Let o be -4 - 0 - 2*(-9 + q). What is the greatest common divisor of o and 12?
6
Let d be (-8)/(-10)*(-825)/(-10)*3312/276. Calculate the highest common factor of d and 162.
18
Suppose -721 = -203*p + 350 + 1974. Let c be 70*(3/2)/1. Calculate the highest common factor of c and p.
15
Suppose 3*z - 29*g = -30*g + 15900, 4*z = 3*g + 21200. What is the highest common divisor of 300 and z?
100
Suppose -21*h + 292 = 2*n - 18*h, n = 2*h + 132. Let t be 9540/n - (-1)/(-7). What is the greatest common divisor of t and 8?
4
Suppose -207959 = -61*s + 32*s. Calculate the highest common divisor of s and 71.
71
Let r(g) = 5*g - 83. Let j = 46 + -28. Let v be r(j). What is the highest common divisor of v and 112?
7
Let d be (-4)/(-10) + (-173)/(-5). Let q = -34782 + 34792. What is the highest common divisor of d and q?
5
Let h(c) = -56*c + 25. Let p be h(-2). Suppose 0 = 3*n + 23 - p. Calculate the greatest common factor of n and 2.
2
Let q = -1889 + 1919. Calculate the highest common factor of 1005 and q.
15
Let o = -1167 - -1215. Calculate the highest common factor of 3200 and o.
16
Let j be 8 + 4 - ((-13 - -24) + -161). Suppose -5*d = -8 - 52. What is the greatest common factor of j and d?
6
Let j be 76/(-380) - (-54871)/5. Suppose -2046 - j = -35*l. Calculate the greatest common divisor of 279 and l.
93
Let j = -14935 - -14968. What is the highest common factor of 2596 and j?
11
Let l be (-2)/(-11) - 210/(-55). Suppose l*d + 2*r = 7*r, 2*r = -d. Suppose -5*v + 2*v + 9 = d. What is the greatest common divisor of 1 and v?
1
Suppose -3*i + 3670 - 1223 = 4*b, -i + 813 = 4*b. What is the highest common factor of i and 76?
19
Let u(y) = 5*y - 106. Let o be u(32). Let x = o + 24. Calculate the highest common divisor of x and 26.
26
Let h(a) = 3*a**2 + 112*a - 20. Let g be h(-38). Calculate the greatest common divisor of 1722 and g.
14
Let o be ((-8)/(-6))/(1/3 - 0). Suppose o*u = -5*u + 792. What is the greatest common factor of 32 and u?
8
Let k(m) = -14*m - 276. Let p(g) = 7*g + 139. Let o(u) = -3*k(u) - 5*p(u). Let j be o(-15). Calculate the greatest common factor of 28 and j.
28
Let q(n) = -30*n + 1205. Let u be q(40). What is the greatest common divisor of u and 1905?
5
Let q = 535 - 528. Calculate the greatest common factor of 3787 and q.
7
Let b be ((-101)/3)/(2/(-6)). Suppose -21 = i - b. Suppose -708 = -79*y + 556. Calculate the greatest common factor of i and y.
16
Suppose 1336 = -4*n + 4*i, -5*i = -4*n + 3*n - 342. Let d = n - -338. What is the highest common factor of 26 and d?
2
Let c be 2404 - (-1 - (19 - 11)) - 11. What is the highest common factor of c and 2?
2
Let d(r) = 1662*r - 241. Let m be d(1). Calculate the greatest common factor of m and 232.
29
Let y be 6/(-4) - (-117)/(-26). Let d be ((-6)/(-10))/((y + 0)/(-30)). Suppose -5*v = 5, 4*b + b - 14 = -v. What is the highest common divisor of b and d?
3
Suppose -4*z - 3*h = -454, 120*z - 5*h = 119*z + 102. Calculate the greatest common divisor of 2856 and z.
56
Suppose -4*i - 750 = -2*d, 37*d - 33*d - 555 = 3*i. Let r = i - -201. What is the highest common factor of r and 32?
4
Suppose 0 = 12*z + 59 + 745. Let u = z - -87. Calculate the greatest common factor of 270 and u.
10
Let w be 7*245 + 8/(32/20). Suppose 32*u = -8*u + w. What is the highest common factor of 344 and u?
43
Let q be 23 + (-48)/12 + 10. Calculate the highest common factor of 2784 and q.
29
Suppose -55 - 23 = -3*t. Let v(d) = -d**3 + 107*d**2 + 113*d - 462. Let c be v(108). Calculate the greatest common divisor of t and c.
26
Suppose 4*l + 2*z = 49284, 36954 = 3*l - 23*z + 20*z. Calculate the greatest common divisor of l and 40.
40
Let o = 2615 + -1999. Calculate the highest common factor of o and 56.
56
Let x = -1103 - -409. Let s = 915 + x. What is the highest common factor of 104 and s?
13
Suppose -945 = 223*i - 238*i. Calculate the greatest common divisor of i and 153.
9
Suppose 4*c - 2*h - 64 = 0, 0*c - 3*h = -3*c + 42. Suppose 0 = -14*f + c*f - 700. What is the highest common divisor of 35 and f?
35
Let c = 0 - -5. Let w(y) = -45*y + 4*y**2 - 28*y**2 - y**3 - 4906 + 4939. Let q be w(-22). Calculate the greatest common factor of q and c.
5
Let u = -17447 + 17461. Calculate the highest common divisor of u and 1421.
7
Suppose 3*w + 1591 = -y, -2*w + 0*y = y + 1060. Let t = -101 - w. Calculate the greatest common factor of t and 43.
43
Let d be 7/4*16/2. Let k be 325/10*2*1. Suppose k = -3*s + 170. What is the greatest common divisor of d and s?
7
Suppose 3*s - 1461 = -4*v, 2*s = -v - 4*v + 981. Let u be 6 + s - (-6 - -7). Calculate the greatest common factor of 8 and u.
8
Suppose 0 = 5*n - c + 301, 2*c + 36 - 89 = n. Let h = 67 + n. Let q be (0 - 1)*(8 - 301 - h). Calculate the greatest common divisor of 23 and q.
23
Suppose 424 = -6*x + 382. Let z be 5346/154 + (-2)/x. Calculate the highest common factor of z and 15.
5
Suppose -4*y = 0, 135 = 5*i + 4*y + 25. Let v = 241 + -277. Let t(q) = q**2 + 40*q + 199. Let d be t(v). What is the highest common factor of i and d?
11
Let k be (5/(135/708))/((-54)/(-486)). Calculate the highest common divisor of k and 16.
4
Suppose -2*t = -3*v - 263, -2*v = -3*t + 394 + 3. What is the greatest common divisor of 7 and t?
7
Let g(o) = -398*o - 4760. Let w be g(-12). What is the highest common divisor of w and 20752?
16
Let o = -1 + 0. Let u be (o + 0)/(3/(-30)). Let d(m) = 4*m**2 + 16*m + 4. Let i be d(-4). What is the highest common factor of i and u?
2
Let m(h) be the third derivative of -h**4/8 - 2*h**3 - 8*h**2. Let v be m(-5). Let l be 15/2*4/v. What is the highest common divisor of l and 20?
10
Let v(a) = -4*a + 3. Let o be v(-5). Let u be ((-8)/(-2))/(48/48). Suppose 8*h + u*h - 1380 = 0. What is the greatest common divisor of o and h?
23
Let s be ((-7460)/50)/(16/(-210)) + 15/(-60). Calculate the greatest common divisor of s and 44.
22
Suppose 0 = -0*a - 4*a + 832. Let p = 242 + a. Calculate the highest common divisor of 50 and p.
50
Let c(b) = -77*b - 22. Let r be c(-11). Suppose 3137 = 39*q + 212. What is the highest common